{"id":270,"date":"2013-01-21T19:53:47","date_gmt":"2013-01-21T18:53:47","guid":{"rendered":"http:\/\/www.posaunenchor-ulm-soeflingen.de\/wp-content\/uploads\/2012_Kurrende_3.jpg"},"modified":"2013-01-21T19:53:47","modified_gmt":"2013-01-21T18:53:47","slug":"2012_kurrende_3","status":"inherit","type":"attachment","link":"http:\/\/www.posaunenchor-ulm-soeflingen.de\/?attachment_id=270","title":{"rendered":"2012_Kurrende_3"},"author":2,"featured_media":0,"comment_status":"open","ping_status":"open","template":"","meta":[],"class_list":["post-270","attachment","type-attachment","status-inherit","hentry"],"description":{"rendered":"<p class=\"attachment\"><a href='http:\/\/www.posaunenchor-ulm-soeflingen.de\/wp-content\/uploads\/2012_Kurrende_3.jpg'><img loading=\"lazy\" decoding=\"async\" width=\"300\" height=\"168\" src=\"http:\/\/www.posaunenchor-ulm-soeflingen.de\/wp-content\/uploads\/2012_Kurrende_3-300x168.jpg\" class=\"attachment-medium size-medium\" alt=\"\" srcset=\"http:\/\/www.posaunenchor-ulm-soeflingen.de\/wp-content\/uploads\/2012_Kurrende_3-300x168.jpg 300w, http:\/\/www.posaunenchor-ulm-soeflingen.de\/wp-content\/uploads\/2012_Kurrende_3.jpg 600w\" sizes=\"auto, (max-width: 300px) 100vw, 300px\" \/><\/a><\/p>\n"},"caption":{"rendered":"<p>Im F\u00fcnf-B\u00e4ume-Weg kommen die Menschen, sobald wir Weihnachtslieder anstimmen zusammen, zusammen, um sich frohe Weihnachten zu w\u00fcnschen.<\/p>\n"},"alt_text":"","media_type":"image","mime_type":"image\/jpeg","media_details":{"width":600,"height":337,"file":"2012_Kurrende_3.jpg","sizes":{"thumbnail":{"file":"2012_Kurrende_3-150x150.jpg","width":150,"height":150,"mime_type":"image\/jpeg","source_url":"http:\/\/www.posaunenchor-ulm-soeflingen.de\/wp-content\/uploads\/2012_Kurrende_3-150x150.jpg"},"medium":{"file":"2012_Kurrende_3-300x168.jpg","width":300,"height":168,"mime_type":"image\/jpeg","source_url":"http:\/\/www.posaunenchor-ulm-soeflingen.de\/wp-content\/uploads\/2012_Kurrende_3-300x168.jpg"},"post-thumbnail":{"file":"2012_Kurrende_3-600x198.jpg","width":600,"height":198,"mime_type":"image\/jpeg","source_url":"http:\/\/www.posaunenchor-ulm-soeflingen.de\/wp-content\/uploads\/2012_Kurrende_3-600x198.jpg"},"full":{"file":"2012_Kurrende_3.jpg","width":600,"height":337,"mime_type":"image\/jpeg","source_url":"http:\/\/www.posaunenchor-ulm-soeflingen.de\/wp-content\/uploads\/2012_Kurrende_3.jpg"}},"image_meta":{"aperture":3,"credit":"","camera":"EX-ZR10","caption":"","created_timestamp":1356358607,"copyright":"","focal_length":"5","iso":"100","shutter_speed":"0.0025","title":""}},"post":259,"source_url":"http:\/\/www.posaunenchor-ulm-soeflingen.de\/wp-content\/uploads\/2012_Kurrende_3.jpg","_links":{"self":[{"href":"http:\/\/www.posaunenchor-ulm-soeflingen.de\/index.php?rest_route=\/wp\/v2\/media\/270","targetHints":{"allow":["GET"]}}],"collection":[{"href":"http:\/\/www.posaunenchor-ulm-soeflingen.de\/index.php?rest_route=\/wp\/v2\/media"}],"about":[{"href":"http:\/\/www.posaunenchor-ulm-soeflingen.de\/index.php?rest_route=\/wp\/v2\/types\/attachment"}],"author":[{"embeddable":true,"href":"http:\/\/www.posaunenchor-ulm-soeflingen.de\/index.php?rest_route=\/wp\/v2\/users\/2"}],"replies":[{"embeddable":true,"href":"http:\/\/www.posaunenchor-ulm-soeflingen.de\/index.php?rest_route=%2Fwp%2Fv2%2Fcomments&post=270"}],"wp:attached-to":[{"embeddable":true,"post_type":"post","id":259,"href":"http:\/\/www.posaunenchor-ulm-soeflingen.de\/index.php?rest_route=\/wp\/v2\/posts\/259"}],"curies":[{"name":"wp","href":"https:\/\/api.w.org\/{rel}","templated":true}]}}

<p>Im Fünf-Bäume-Weg kommen die Menschen, sobald wir Weihnachtslieder anstimmen zusammen, zusammen, um sich frohe Weihnachten zu wünschen.</p>
