{"id":12,"date":"2012-07-08T18:48:12","date_gmt":"2012-07-08T16:48:12","guid":{"rendered":"http:\/\/www.martin-schiller.net\/?page_id=12"},"modified":"2026-03-06T17:36:46","modified_gmt":"2026-03-06T16:36:46","slug":"willkommen","status":"publish","type":"page","link":"http:\/\/www.posaunenchor-ulm-soeflingen.de\/","title":{"rendered":"Herzlich Willkommen"},"content":{"rendered":"<h2 style=\"text-align: center;\"><\/h2>\n<p style=\"text-align: center;\">beim S\u00f6flinger Posaunenchor!<\/p>\n<p>Hier erf\u00e4hrst Du einiges \u00fcber unseren Chor, warum es einfach sch\u00f6n ist, im Posaunenchor miteinander zu musizieren und wann wir wo im Einsatz sind.<\/p>\n<p>Zu Beginn haben wir einen kleinen und sehr alten Film \u00fcber unsere Kurrende. Die Kurrende ist immer am 24.12. so zwischen 12:00 und 16:00 Uhr<\/p>\n<p>Bei der sind alle Bl\u00e4ser immer begeistert dabei. Bis am Schluss allen die Puste ausgeht.<\/p>\n<div style=\"width: 474px;\" class=\"wp-video\"><video class=\"wp-video-shortcode\" id=\"video-12-1\" width=\"474\" height=\"267\" preload=\"metadata\" controls=\"controls\"><source type=\"video\/mp4\" src=\"http:\/\/www.posaunenchor-ulm-soeflingen.de\/download\/Posaunenchor_Soeflingen_Kurrende.mp4?_=1\" \/><a href=\"http:\/\/www.posaunenchor-ulm-soeflingen.de\/download\/Posaunenchor_Soeflingen_Kurrende.mp4\">http:\/\/www.posaunenchor-ulm-soeflingen.de\/download\/Posaunenchor_Soeflingen_Kurrende.mp4<\/a><\/video><\/div>\n<p>&nbsp;<\/p>\n","protected":false},"excerpt":{"rendered":"<p>beim S\u00f6flinger Posaunenchor! Hier erf\u00e4hrst Du einiges \u00fcber unseren Chor, warum es einfach sch\u00f6n ist, im Posaunenchor miteinander zu musizieren und wann wir wo im Einsatz sind. Zu Beginn haben wir einen kleinen und sehr alten Film \u00fcber unsere Kurrende. Die Kurrende ist immer am 24.12. so zwischen 12:00 und 16:00 Uhr Bei der sind &hellip; <a href=\"http:\/\/www.posaunenchor-ulm-soeflingen.de\/\" class=\"more-link\"><span class=\"screen-reader-text\">Herzlich Willkommen<\/span> weiterlesen <span class=\"meta-nav\">&rarr;<\/span><\/a><\/p>\n","protected":false},"author":2,"featured_media":0,"parent":0,"menu_order":0,"comment_status":"closed","ping_status":"open","template":"","meta":{"footnotes":""},"class_list":["post-12","page","type-page","status-publish","hentry"],"_links":{"self":[{"href":"http:\/\/www.posaunenchor-ulm-soeflingen.de\/index.php?rest_route=\/wp\/v2\/pages\/12","targetHints":{"allow":["GET"]}}],"collection":[{"href":"http:\/\/www.posaunenchor-ulm-soeflingen.de\/index.php?rest_route=\/wp\/v2\/pages"}],"about":[{"href":"http:\/\/www.posaunenchor-ulm-soeflingen.de\/index.php?rest_route=\/wp\/v2\/types\/page"}],"author":[{"embeddable":true,"href":"http:\/\/www.posaunenchor-ulm-soeflingen.de\/index.php?rest_route=\/wp\/v2\/users\/2"}],"replies":[{"embeddable":true,"href":"http:\/\/www.posaunenchor-ulm-soeflingen.de\/index.php?rest_route=%2Fwp%2Fv2%2Fcomments&post=12"}],"version-history":[{"count":20,"href":"http:\/\/www.posaunenchor-ulm-soeflingen.de\/index.php?rest_route=\/wp\/v2\/pages\/12\/revisions"}],"predecessor-version":[{"id":830,"href":"http:\/\/www.posaunenchor-ulm-soeflingen.de\/index.php?rest_route=\/wp\/v2\/pages\/12\/revisions\/830"}],"wp:attachment":[{"href":"http:\/\/www.posaunenchor-ulm-soeflingen.de\/index.php?rest_route=%2Fwp%2Fv2%2Fmedia&parent=12"}],"curies":[{"name":"wp","href":"https:\/\/api.w.org\/{rel}","templated":true}]}}

<h2 style="text-align: center;"></h2>
<p style="text-align: center;">beim Söflinger Posaunenchor!</p>
<p>Hier erfährst Du einiges über unseren Chor, warum es einfach schön ist, im Posaunenchor miteinander zu musizieren und wann wir wo im Einsatz sind.</p>
<p>Zu Beginn haben wir einen kleinen und sehr alten Film über unsere Kurrende. Die Kurrende ist immer am 24.12. so zwischen 12:00 und 16:00 Uhr</p>
<p>Bei der sind alle Bläser immer begeistert dabei. Bis am Schluss allen die Puste ausgeht.</p>
<div style="width: 474px;" class="wp-video"><video class="wp-video-shortcode" id="video-12-1" width="474" height="267" preload="metadata" controls="controls"><source type="video/mp4" src="http://www.posaunenchor-ulm-soeflingen.de/download/Posaunenchor_Soeflingen_Kurrende.mp4?_=1" /><a href="http://www.posaunenchor-ulm-soeflingen.de/download/Posaunenchor_Soeflingen_Kurrende.mp4">http://www.posaunenchor-ulm-soeflingen.de/download/Posaunenchor_Soeflingen_Kurrende.mp4</a></video></div>
<p>&nbsp;</p>

<p>beim Söflinger Posaunenchor! Hier erfährst Du einiges über unseren Chor, warum es einfach schön ist, im Posaunenchor miteinander zu musizieren und wann wir wo im Einsatz sind. Zu Beginn haben wir einen kleinen und sehr alten Film über unsere Kurrende. Die Kurrende ist immer am 24.12. so zwischen 12:00 und 16:00 Uhr Bei der sind &hellip; <a href="http://www.posaunenchor-ulm-soeflingen.de/" class="more-link"><span class="screen-reader-text">Herzlich Willkommen</span> weiterlesen <span class="meta-nav">&rarr;</span></a></p>
