{"id":18,"date":"2012-07-08T18:48:41","date_gmt":"2012-07-08T16:48:41","guid":{"rendered":"http:\/\/www.martin-schiller.net\/?page_id=18"},"modified":"2026-03-06T17:47:36","modified_gmt":"2026-03-06T16:47:36","slug":"unser-posaunenchor","status":"publish","type":"page","link":"http:\/\/www.posaunenchor-ulm-soeflingen.de\/?page_id=18","title":{"rendered":"Das sind wir"},"content":{"rendered":"<h2>Der Posaunenchor Ulm-S\u00f6flingen<\/h2>\n<p>&nbsp;<\/p>\n<p>Zur Zeit sind wir ein relativ kleiner Haufen an Bl\u00e4ser*innen. Wir schaffen es meistens an all unseren Spielterminen zu spielen.<\/p>\n<p>Unser Posaunenchor umfasst derzeit rund 15 Bl\u00e4ser von 30 bis 85 Jahren unter der musikalischen Leitung von Daniel Ihle. Neben den Stammbl\u00e4sern geh\u00f6ren auch Jungbl\u00e4ser zum Chor, deren Ausbildung zur Zeit Ulrich Hilsberg \u00fcbernimmt.<\/p>\n<figure id=\"attachment_544\" aria-describedby=\"caption-attachment-544\" style=\"width: 600px\" class=\"wp-caption alignnone\"><img loading=\"lazy\" decoding=\"async\" class=\"size-full wp-image-544\" src=\"http:\/\/www.posaunenchor-ulm-soeflingen.de\/wp-content\/uploads\/20161224_121626_001-e1483898443999.jpg\" alt=\"\" width=\"600\" height=\"304\" \/><figcaption id=\"caption-attachment-544\" class=\"wp-caption-text\">Beim Kurrende-Blasen im Magirushof, vor langer Zeit. Falls ich ein aktuelleres Bild bekomme, ersetze ich dieses.<\/figcaption><\/figure>\n<p>Wir spielen zu verschiedenen kirchlichen Anl\u00e4ssen, nehmen gerne an Bl\u00e4serfesten teil und schenken den S\u00f6flingern weihnachtliche Stimmung.<\/p>\n<p>Im Posaunenchor zu spielen macht Spa\u00df und jeder hat seinen Platz auch G\u00e4ste und neue Gesichter. Mal schauen sie k\u00fcrzer vorbei oder werden zu alten Gesichtern.<\/p>\n<p>Wir freuen uns immer \u00fcber Unterst\u00fctzung f\u00fcr unsere musikalische Arbeit. Vor allem durchs Mitmusizieren. Falls Du dein Instrument nicht mehr findest: Wir haben noch welche in unserem Lager.<\/p>\n<p>Oder mit einer Spende an den F\u00f6rderkreis zur Unterst\u00fctzung der Posaunenchorarbeit.<br \/>\nIBAN DE68 6305 0000 0000 1004 98<br \/>\nVerwendungszweck: Posaunenchor S\u00f6flingen<br \/>\nVielen recht herzlichen Dank.<\/p>\n","protected":false},"excerpt":{"rendered":"<p>Der Posaunenchor Ulm-S\u00f6flingen &nbsp; Zur Zeit sind wir ein relativ kleiner Haufen an Bl\u00e4ser*innen. Wir schaffen es meistens an all unseren Spielterminen zu spielen. Unser Posaunenchor umfasst derzeit rund 15 Bl\u00e4ser von 30 bis 85 Jahren unter der musikalischen Leitung von Daniel Ihle. Neben den Stammbl\u00e4sern geh\u00f6ren auch Jungbl\u00e4ser zum Chor, deren Ausbildung zur Zeit &hellip; <a href=\"http:\/\/www.posaunenchor-ulm-soeflingen.de\/?page_id=18\" class=\"more-link\"><span class=\"screen-reader-text\">Das sind wir<\/span> weiterlesen <span class=\"meta-nav\">&rarr;<\/span><\/a><\/p>\n","protected":false},"author":2,"featured_media":0,"parent":0,"menu_order":0,"comment_status":"closed","ping_status":"open","template":"","meta":{"footnotes":""},"class_list":["post-18","page","type-page","status-publish","hentry"],"_links":{"self":[{"href":"http:\/\/www.posaunenchor-ulm-soeflingen.de\/index.php?rest_route=\/wp\/v2\/pages\/18","targetHints":{"allow":["GET"]}}],"collection":[{"href":"http:\/\/www.posaunenchor-ulm-soeflingen.de\/index.php?rest_route=\/wp\/v2\/pages"}],"about":[{"href":"http:\/\/www.posaunenchor-ulm-soeflingen.de\/index.php?rest_route=\/wp\/v2\/types\/page"}],"author":[{"embeddable":true,"href":"http:\/\/www.posaunenchor-ulm-soeflingen.de\/index.php?rest_route=\/wp\/v2\/users\/2"}],"replies":[{"embeddable":true,"href":"http:\/\/www.posaunenchor-ulm-soeflingen.de\/index.php?rest_route=%2Fwp%2Fv2%2Fcomments&post=18"}],"version-history":[{"count":41,"href":"http:\/\/www.posaunenchor-ulm-soeflingen.de\/index.php?rest_route=\/wp\/v2\/pages\/18\/revisions"}],"predecessor-version":[{"id":831,"href":"http:\/\/www.posaunenchor-ulm-soeflingen.de\/index.php?rest_route=\/wp\/v2\/pages\/18\/revisions\/831"}],"wp:attachment":[{"href":"http:\/\/www.posaunenchor-ulm-soeflingen.de\/index.php?rest_route=%2Fwp%2Fv2%2Fmedia&parent=18"}],"curies":[{"name":"wp","href":"https:\/\/api.w.org\/{rel}","templated":true}]}}

<h2>Der Posaunenchor Ulm-Söflingen</h2>
<p>&nbsp;</p>
<p>Zur Zeit sind wir ein relativ kleiner Haufen an Bläser*innen. Wir schaffen es meistens an all unseren Spielterminen zu spielen.</p>
<p>Unser Posaunenchor umfasst derzeit rund 15 Bläser von 30 bis 85 Jahren unter der musikalischen Leitung von Daniel Ihle. Neben den Stammbläsern gehören auch Jungbläser zum Chor, deren Ausbildung zur Zeit Ulrich Hilsberg übernimmt.</p>
<figure id="attachment_544" aria-describedby="caption-attachment-544" style="width: 600px" class="wp-caption alignnone"><img loading="lazy" decoding="async" class="size-full wp-image-544" src="http://www.posaunenchor-ulm-soeflingen.de/wp-content/uploads/20161224_121626_001-e1483898443999.jpg" alt="" width="600" height="304" /><figcaption id="caption-attachment-544" class="wp-caption-text">Beim Kurrende-Blasen im Magirushof, vor langer Zeit. Falls ich ein aktuelleres Bild bekomme, ersetze ich dieses.</figcaption></figure>
<p>Wir spielen zu verschiedenen kirchlichen Anlässen, nehmen gerne an Bläserfesten teil und schenken den Söflingern weihnachtliche Stimmung.</p>
<p>Im Posaunenchor zu spielen macht Spaß und jeder hat seinen Platz auch Gäste und neue Gesichter. Mal schauen sie kürzer vorbei oder werden zu alten Gesichtern.</p>
<p>Wir freuen uns immer über Unterstützung für unsere musikalische Arbeit. Vor allem durchs Mitmusizieren. Falls Du dein Instrument nicht mehr findest: Wir haben noch welche in unserem Lager.</p>
<p>Oder mit einer Spende an den Förderkreis zur Unterstützung der Posaunenchorarbeit.<br />
IBAN DE68 6305 0000 0000 1004 98<br />
Verwendungszweck: Posaunenchor Söflingen<br />
Vielen recht herzlichen Dank.</p>

<p>Der Posaunenchor Ulm-Söflingen &nbsp; Zur Zeit sind wir ein relativ kleiner Haufen an Bläser*innen. Wir schaffen es meistens an all unseren Spielterminen zu spielen. Unser Posaunenchor umfasst derzeit rund 15 Bläser von 30 bis 85 Jahren unter der musikalischen Leitung von Daniel Ihle. Neben den Stammbläsern gehören auch Jungbläser zum Chor, deren Ausbildung zur Zeit &hellip; <a href="http://www.posaunenchor-ulm-soeflingen.de/?page_id=18" class="more-link"><span class="screen-reader-text">Das sind wir</span> weiterlesen <span class="meta-nav">&rarr;</span></a></p>
